5995 is divided by 17.
11
Calculate the remainder when 431 is divided by 36.
35
Calculate the remainder when 36339 is divided by 230.
229
Calculate the remainder when 87 is divided by 19.
11
Calculate the remainder when 774 is divided by 65.
59
What is the remainder when 39 is divided by 15?
9
Calculate the remainder when 623 is divided by 13.
12
What is the remainder when 427 is divided by 18?
13
Calculate the remainder when 278 is divided by 49.
33
Calculate the remainder when 404 is divided by 70.
54
Calculate the remainder when 446 is divided by 295.
151
What is the remainder when 315 is divided by 68?
43
Calculate the remainder when 123 is divided by 57.
9
What is the remainder when 73 is divided by 11?
7
Calculate the remainder when 440 is divided by 34.
32
Calculate the remainder when 1873 is divided by 458.
41
Calculate the remainder when 484 is divided by 169.
146
What is the remainder when 8742 is divided by 11?
8
Calculate the remainder when 3390 is divided by 32.
30
Calculate the remainder when 57 is divided by 23.
11
Calculate the remainder when 1241 is divided by 24.
17
Calculate the remainder when 122 is divided by 23.
7
Calculate the remainder when 9320 is divided by 176.
168
What is the remainder when 1189 is divided by 376?
61
Calculate the remainder when 8834 is divided by 94.
92
Calculate the remainder when 195 is divided by 108.
87
What is the remainder when 6140 is divided by 1226?
10
Calculate the remainder when 917 is divided by 140.
77
Calculate the remainder when 304 is divided by 28.
24
What is the remainder when 2916 is divided by 243?
0
Calculate the remainder when 116 is divided by 35.
11
Calculate the remainder when 100 is divided by 34.
32
Calculate the remainder when 68 is divided by 33.
2
Calculate the remainder when 1828 is divided by 600.
28
What is the remainder when 67 is divided by 22?
1
Calculate the remainder when 681 is divided by 60.
21
What is the remainder when 90 is divided by 3?
0
What is the remainder when 4862 is divided by 35?
32
What is the remainder when 24 is divided by 10?
4
What is the remainder when 1069 is divided by 21?
19
Calculate the remainder when 2447 is divided by 18.
17
Calculate the remainder when 988 is divided by 55.
53
What is the remainder when 141 is divided by 36?
33
Calculate the remainder when 1514 is divided by 754.
6
What is the remainder when 872 is divided by 67?
1
What is the remainder when 29 is divided by 21?
8
What is the remainder when 1884 is divided by 145?
144
Calculate the remainder when 6155 is divided by 40.
35
What is the remainder when 22 is divided by 3?
1
What is the remainder when 1970 is divided by 330?
320
Calculate the remainder when 2547 is divided by 14.
13
Calculate the remainder when 47 is divided by 29.
18
Calculate the remainder when 81 is divided by 27.
0
Calculate the remainder when 141 is divided by 26.
11
Calculate the remainder when 45 is divided by 17.
11
Calculate the remainder when 426 is divided by 33.
30
Calculate the remainder when 1841 is divided by 168.
161
Calculate the remainder when 3471 is divided by 688.
31
Calculate the remainder when 140 is divided by 12.
8
What is the remainder when 669 is divided by 32?
29
Calculate the remainder when 5435 is divided by 155.
10
Calculate the remainder when 134 is divided by 34.
32
Calculate the remainder when 126 is divided by 10.
6
What is the remainder when 811 is divided by 394?
23
Calculate the remainder when 41 is divided by 17.
7
Calculate the remainder when 680 is divided by 22.
20
Calculate the remainder when 189 is divided by 12.
9
Calculate the remainder when 129 is divided by 26.
25
Calculate the remainder when 16 is divided by 7.
2
Calculate the remainder when 224 is divided by 19.
15
What is the remainder when 166 is divided by 22?
12
What is the remainder when 98 is divided by 25?
23
What is the remainder when 1009 is divided by 499?
11
What is the remainder when 2843 is divided by 73?
69
What is the remainder when 184 is divided by 31?
29
Calculate the remainder when 74 is divided by 20.
14
What is the remainder when 287 is divided by 16?
15
What is the remainder when 225 is divided by 38?
35
What is the remainder when 165 is divided by 58?
49
What is the remainder when 871 is divided by 99?
79
What is the remainder when 4439 is divided by 202?
197
What is the remainder when 9385 is divided by 30?
25
Calculate the remainder when 140 is divided by 48.
44
What is the remainder when 77 is divided by 43?
34
What is the remainder when 214 is divided by 24?
22
What is the remainder when 118 is divided by 5?
3
What is the remainder when 34289 is divided by 30?
29
What is the remainder when 23372 is divided by 25?
22
Calculate the remainder when 413 is divided by 22.
17
Calculate the remainder when 77 is divided by 16.
13
What is the remainder when 316 is divided by 75?
16
Calculate the remainder when 450 is divided by 35.
30
Calculate the remainder when 3573 is divided by 12.
9
What is the remainder when 155 is divided by 77?
1
What is the remainder when 79 is divided by 25?
4
Calculate the remainder when 64 is divided by 23.
18
What is the remainder when 4845 is divided by 48?
45
Calculate the remainder when 953 is divided by 330.
293
What is the remainder when 118 is divided by 62?
56
What is the remainder when 7789 is divided by 35?
19
What is the remainder when 1048 is divided by 176?
168
Calculate the remainder when 693 is divided by 58.
55
What is the remainder when 181 is divided by 52?
25
What is the remainder when 169 is divided by 82?
5
Calculate the remainder when 327 is divided by 78.
15
What is the remainder when 124 is divided by 16?
12
Calculate the remainder when 1038 is divided by 16.
14
What is the remainder when 1245 is divided by 185?
135
Calculate the remainder when 231 is divided by 58.
57
What is the remainder when 237 is divided by 119?
118
Calculate the remainder when 192 is divided by 57.
21
Calculate the remainder when 1734 is divided by 12.
6
Calculate the remainder when 1235 is divided by 31.
26
Calculate the remainder when 175 is divided by 151.
24
Calculate the remainder when 5194 is divided by 14.
0
Calculate the remainder when 414 is divided by 14.
8
Calculate the remainder when 657 is divided by 198.
63
Calculate the remainder when 1103 is divided by 221.
219
Calculate the remainder when 301 is divided by 29.
11
What is the remainder when 102 is divided by 39?
24
What is the remainder when 271 is divided by 34?
33
What is the remainder when 973 is divided by 13?
11
What is the remainder when 403 is divided by 25?
3
What is the remainder when 638 is divided by 93?
80
What is the remainder when 82 is divided by 16?
2
Calculate the remainder when 867 is divided by 288.
3
Calculate the remainder when 55 is divided by 29.
26
Calculate the remainder when 3122 is divided by 1035.
17
Calculate the remainder when 1969 is divided by 191.
59
What is the remainder when 4869 is divided by 42?
39
Calculate the remainder when 58 is divided by 14.
2
Calculate the remainder when 1979 is divided by 395.
4
Calculate the remainder when 11 is divided by 6.
5
Calculate the remainder when 410 is divided by 87.
62
What is the remainder when 407 is divided by 7?
1
What is the remainder when 1649 is divided by 343?
277
What is the remainder when 328 is divided by 320?
8
Calculate the remainder when 1201 is divided by 27.
13
What is the remainder when 11311 is divided by 27?
25
Calculate the remainder when 214 is divided by 8.
6
What is the remainder when 74 is divided by 13?
9
Calculate the remainder when 27 is divided by 6.
3
What is the remainder when 106 is divided by 16?
10
What is the remainder when 831 is divided by 81?
21
What is the remainder when 169 is divided by 17?
16
Calculate the remainder when 19 is divided by 6.
1
Calculate the remainder when 228 is divided by 58.
54
Calculate the remainder when 3369 is divided by 51.
3
What is the remainder when 234 is divided by 62?
48
What is the remainder when 189 is divided by 40?
29
Calculate the remainder when 248 is divided by 33.
17
Calculate the remainder when 89 is divided by 46.
43
What is the remainder when 31 is divided by 30?
1
Calculate the remainder when 185 is divided by 1.
0
Calculate the remainder 